e
Is (-6 - 93)*2/(-6) prime?
False
Let i = -292 - -599. Is i a composite number?
False
Let v(w) = 12*w**3 - 5*w**2 - w + 3. Is v(2) prime?
False
Suppose d + 5*v - 225 = 69, -4*d + 1221 = 5*v. Is d a composite number?
True
Suppose 166 = -3*l + 5*l. Is l prime?
True
Let z(m) = 25*m**2 - 11*m + 3. Is z(7) a composite number?
False
Let y(o) = o. Let k(q) = -4*q**2 - 2*q + 1. Let x(m) = -k(m) - 2*y(m). Let g be x(-1). Suppose -5*h = -h - 12, i = g*h + 26. Is i a composite number?
True
Let o(x) = x**2 - 9*x + 2. Let v be o(9). Suppose -20 - 74 = -v*j. Is j a prime number?
True
Let w(c) = -11*c - 3. Suppose -3*z - 11 = 7*d - 3*d, 4*z - d = -21. Let l be (4 - -1)*2/z. Is w(l) prime?
True
Let h be 20 + (0 - (-2)/(-1)). Let c = h - -19. Is c prime?
True
Suppose w = 87 - 19. Suppose 0 = 5*d - 7 - w. Is d a prime number?
False
Let y = 182 - 85. Is y a prime number?
True
Suppose -5*n - 4*b + 3184 + 11687 = 0, -4*n + 11904 = 5*b. Is n composite?
False
Suppose 4*z + 4*x + 2 = 6, -5*z = 3*x - 7. Suppose -2*l - 307 = -z*j + l, 0 = -2*l - 6. Is j prime?
True
Let z(y) = 26*y + 4. Let o(x) = -77*x - 11. Let c(i) = 3*o(i) + 8*z(i). Is c(-4) a composite number?
True
Suppose 329 = -5*v + x, -v - 244 = 3*v + 4*x. Let s = -201 + 333. Let i = s + v. Is i a composite number?
False
Let f(l) = l + 1. Let y(p) = 10*p - 3. Let v(a) = 2*f(a) + y(a). Is v(2) prime?
True
Suppose 3*j + 0*j - 24 = 0. Is (-6556)/(-16) + (-6)/j prime?
True
Let g(f) = 6335*f - 385. Let v(h) = -33*h + 2. Let i(q) = 2*g(q) + 385*v(q). Let a be i(-3). Suppose -21 = 4*n - a. Is n a prime number?
False
Suppose -d - 27 = -4*q - 238, -3*d + 633 = -2*q. Is d a prime number?
True
Let v(a) = -a**2 + 8*a - 6. Let y be v(6). Suppose -2*s - 5*k = -35, -4*k + 39 + 1 = 4*s. Suppose c - n - y = 0, -s*n + 80 = -c + 6*c. Is c a composite number?
False
Let v(h) = -1 + 1 + 1 - 2*h**2. Let k be v(3). Let c = k - -50. Is c a prime number?
False
Let o(q) = 344*q + 31. Is o(9) a composite number?
True
Let h = 1277 - -1236. Is h prime?
False
Let c = -1125 - -2378. Is c prime?
False
Let z be 2*-5*(-51 - -2). Suppose -4*u - 2*q + 646 = 0, -5*u + 311 = -4*q - z. Is u a composite number?
True
Let s = 55 - 85. Let t = s + 69. Is t a prime number?
False
Suppose r + 0*r = 0. Suppose -2*l + r = -8. Is 74/l + (-1)/(-2) a composite number?
False
Let f(z) = 207*z**2 + 1. Let g be f(-1). Suppose 3*n + 35 = u, u + g = 5*u + 5*n. Is u composite?
False
Suppose 8*p = -2*p + 15740. Is p prime?
False
Suppose 0 = -b + 12 + 5. Suppose 4*z - 2 = -j, 3*z - 44 = -5*j - b. Is j composite?
True
Let w = -419 + 810. Is w prime?
False
Suppose 0 = -3*b + b + 422. Is b a prime number?
True
Let z(u) = 5*u**2 - 17*u - 14. Let h(x) = -2*x**2 + 6*x + 5. Let m(f) = -8*h(f) - 3*z(f). Let l be m(-6). Let w = l - 1. Is w prime?
True
Is (-2)/(2 + (-960)/478) prime?
True
Suppose -85*i + 4526 = -83*i. Is i composite?
True
Suppose 0*z = -z + 7. Suppose -11*u + 1516 = -z*u. Is u prime?
True
Let l = 2 + 32. Is l composite?
True
Is (-4)/(-3) + 251980/60 a prime number?
True
Let f = 1874 + -717. Is f a composite number?
True
Suppose -z = -4*b - 2*z + 2073, z + 2580 = 5*b. Is b prime?
False
Let s = -21 + 5. Suppose 0 = -a - 2*b - 49, -5*a - 273 = -0*a - 4*b. Let d = s - a. Is d prime?
True
Let i = -1 + 15. Suppose i*p - 636 = 10*p. Is p a composite number?
True
Suppose 0 = 3*y - c - 15, 0 = -2*y + 2*c - 0*c + 14. Suppose 5*d - 161 = y*d. Is d prime?
False
Suppose -2 = s - 11. Is (s/(-9))/((-1)/223) prime?
True
Suppose 4*d - 107 = -19. Suppose 0 = -9*b + 4*b. Let o = d - b. Is o a prime number?
False
Let c(p) = p**3 + 10*p**2 + 7*p - 5. Suppose w - 14 = -w. Let t = -16 + w. Is c(t) composite?
False
Let j = -35 + 19. Is 115 + 0*(-4)/j composite?
True
Suppose 6*q - 3666 = -168. Is q a composite number?
True
Let s = -49 - -128. Is s a prime number?
True
Suppose -t + 7 = 2*p, 5 = p - 2*t + t. Suppose -243 = -2*k + k - 2*w, -3*k = p*w - 737. Is k prime?
True
Is 169/2 - (-24)/(-16) prime?
True
Suppose 5*v + 13 = 2*d - 7, 55 = -5*v - 5*d. Let g be 3*1/6*v. Is g/((-2)/14*1) prime?
False
Let m(l) = l**3 + 4*l**2 - 4*l + 7. Let q be m(-5). Is (-4029)/(-27) + q/(-9) a composite number?
False
Let d(u) = 33*u**2 + 2*u + 2. Suppose 0*c = -4*c - 12. Is d(c) a prime number?
True
Suppose 2*z + 3*z = 2485. Is z a prime number?
False
Let g(r) = -r**2 + 121. Let n be g(0). Let a = n - 83. Let u = 75 - a. Is u a prime number?
True
Let p(d) be the first derivative of 23*d**2 - 3*d - 6. Let o be 0/1 - (-3 + 1). Is p(o) a composite number?
False
Suppose b - 5 = 5*v, -8 = -v - 0*v + 2*b. Is 1 - (v + 1) - -35 composite?
False
Let x = 685 + -428. Is x a composite number?
False
Suppose 2*b - 2*v = 8, 0 = -v + 2. Is 290 - (-3 + b/1) composite?
True
Is -1 + -2 - -3 - -115 prime?
False
Let q(j) = -16*j**2 + 5 - 5*j + j + 115*j**2. Is q(2) a composite number?
True
Let y = 0 - -3. Suppose 0*g + y*g = 0. Is (0 + -1)*(-11 + g) prime?
True
Let m be 0*(-1 - 0)*1. Suppose -t + 5*y + 6 = -47, m = -5*t - 3*y + 293. Is t prime?
False
Suppose 0 = 4*p - p + 3*a, p - 3*a = 0. Suppose 2 = c - p. Is 33 + ((-12)/(-3))/c a prime number?
False
Suppose -4*w + 17 - 1 = 0. Let m(f) = 2*f**3 - 5*f**2 - 3*f + 1. Is m(w) a composite number?
False
Suppose 0 = -s - t - 1, -2*s + t - 1 = -4*s. Is -7*(-1*s)/2 composite?
False
Let y = 39 - -40. Is y a composite number?
False
Let p = -6 - -4. Let y(j) = 14*j**2 - 1. Is y(p) a composite number?
True
Let o(y) = y**2 - 6*y + 5. Let k be o(5). Suppose 50 = -k*n + 2*n. Is n a composite number?
True
Let w(k) be the third derivative of 0*k + k**3 + 0 + 3*k**2 - 37/24*k**4. Is w(-5) composite?
False
Let f(i) = -670*i + 8. Let a be f(-4). Is 1/5 + a/35 prime?
False
Suppose -2*m - 411 - 690 = -g, -3293 = -3*g + m. Is g prime?
True
Let x be 1 + -2 + 4 + 0. Let o(v) = v**2 - 2*v. Let d be o(x). Suppose -8 + 119 = d*k. Is k a prime number?
True
Let t(q) = -q**3 + 10*q**2 - 10*q + 13. Let d be t(9). Suppose -5*h = -1089 + d. Is h a prime number?
False
Is (-4 + 2)*-326*(-77)/(-44) composite?
True
Let h(z) = -z**2 + 8*z + 3. Let s be h(8). Suppose -s*w = 2*w - 225. Let v = w + -32. Is v prime?
True
Suppose -3*i + 266 = -871. Is i prime?
True
Suppose -3*v + 4*a = -19, -3*v - 2*a = v - 18. Suppose -4*w - 6 - 14 = 0, -v*d = 4*w - 15. Is d prime?
True
Is 1/(-7) + (-14064)/(-56) a composite number?
False
Let p be (3/6)/((-3)/126). Let n = p - -46. Is n a prime number?
False
Suppose -5*r = 4*q - 1639, r + 5*q - q = 315. Is r a prime number?
True
Let j = 18 - 33. Is ((-33)/(-9))/((-1)/j) composite?
True
Let u = -12 - -15. Let l be (3/6)/(1/2). Is l - (-4)/6*u a prime number?
True
Let v = -889 + 1371. Let l = v - 229. Is l composite?
True
Suppose 4*b = -2*l + b + 339, -689 = -4*l + 5*b. Let f = -58 + l. Is f a composite number?
False
Let k(g) = -g**3 + g + 53. Let b(z) = z + 3. Let u be b(-3). Is k(u) composite?
False
Let y be (-6)/(-10)*(10 + -5). Let r(q) = -23*q + 4. Let m be r(-4). Suppose 0 = -y*s + 3*b + 72, 4*s + s + 3*b = m. Is s prime?
False
Let b = 12 + -19. Let d(l) = -l**2 - 7*l + 3. Is d(b) composite?
False
Let j be (-6)/(-5)*20/8. Let q(w) = 2*w**2 - 2*w + 1. Let o be q(j). Suppose 0 = 3*u - 5*f - 33, 0 = -5*u - f + o + 14. Is u composite?
True
Suppose 31 = d + 5*b, -3*d + 3*b = -0 - 3. Is ((-2)/d)/((-1)/447) a composite number?
False
Suppose 5*r - 5*y = 6032 - 657, 4*r = 5*y + 4299. Let u = r + -723. Is u prime?
True
Suppose 3*g + 219 = 1890. Is g composite?
False
Is -3 - (-7)/(28/832) composite?
True
Let a = -228 + 389. Is a composite?
True
Suppose -g = 1 - 4. Suppose -4*a - 2*f + 128 = 0, g*f = -a + f + 26. Is a a composite number?
True
Suppose -47 = 3*l - 404. Is l a prime number?
False
Let v(m) = -2*m + 1. Let d be v(11). Is 596/6*d/(-14) a composite number?
False
Suppose -5 = -5*i, -3*o - 5*i = -216 - 260. Is o composite?
False
Let k(x) = 94*x**2 - 2*x - 1. Suppose t = -3*t. Suppose 0 = 4*o - t + 4. Is k(o) prime?
False
Let k = 62 + -117. Is k/(-20)*(1 - -19) a prime number?
False
Suppose -443 = -3*s - q + 5*q, 0 = -3*s + 3*q + 444. Is s composite?
False
Let m be (-6)/(-4)*8/6. Suppose -j - 36 = m*j. Is ((-130)/4)/(6/j) prime?
False
Let j(w) = -w**2 - 7*w - 7. Let t be j(-5). Suppose t*x = x + 74. Is x a composite number?
False
Let n(o) = 2*o**3 + o**2 + o - 1. Let c be n(1). Su